aa - 181?
-2103080
In base 10, what is -13983 - -3344?
-10639
In base 2, what is -1 - 1011011011100100001010001011?
-1011011011100100001010001100
In base 14, what is -6c8a0 + -2b?
-6c8cb
In base 6, what is -3035501005 + -4?
-3035501013
In base 4, what is -21100010 + 2301133?
-12132211
In base 13, what is -1 - 105a513b?
-105a513c
In base 12, what is -64232123 - -3?
-64232120
In base 16, what is 257a1b - 37?
2579e4
In base 3, what is 2122111021120 - 20?
2122111021100
In base 5, what is -242 - 1421130110?
-1421130402
In base 13, what is -1 + 32a76a0?
32a769c
In base 5, what is 10022131420110 + -1?
10022131420104
In base 12, what is 8 - 726b?
-7263
In base 3, what is -10 + 1100120020021020?
1100120020021010
In base 9, what is -14 - -64181771?
64181756
In base 8, what is -46667032 - -50?
-46666762
In base 16, what is 3 + 59a72e?
59a731
In base 2, what is 100110111 + 110001010110001111?
110001011011000110
In base 8, what is -2715 - -504?
-2211
In base 10, what is -2767 + -32314?
-35081
In base 2, what is -1000111 + -1110010000010101110?
-1110010000011110101
In base 13, what is 13529 + 254?
13780
In base 8, what is 13401365 + -7?
13401356
In base 4, what is -21 + 233323120?
233323033
In base 6, what is -221 + -22205520?
-22210141
In base 8, what is -161371212 - -5?
-161371205
In base 6, what is 304 - -31431225?
31431533
In base 15, what is a17 - 1dc0?
-13a8
In base 11, what is 296531 + -162?
29637a
In base 5, what is 3400423 - -12013?
3412441
In base 6, what is -3440 - 42004?
-45444
In base 14, what is d + -d6adad?
-d6ada0
In base 8, what is 31661 + 706?
32567
In base 16, what is 3afd6 - 51?
3af85
In base 15, what is 33 - 113676a?
-1136737
In base 7, what is -25645315 + 2?
-25645313
In base 5, what is 4 + -3424012332?
-3424012323
In base 6, what is 4440 - -115051?
123531
In base 10, what is 134520798 - -2?
134520800
In base 11, what is -10084325 + 27?
-100842a9
In base 5, what is 1344012 + -30024?
1313433
In base 7, what is 20163 - -6600?
30063
In base 15, what is -1 - 1b4c62b?
-1b4c62c
In base 4, what is -201232311313 - -2?
-201232311311
In base 8, what is 20 - -2154640?
2154660
In base 12, what is -445 - -77744?
772bb
In base 7, what is 2056555 - 26?
2056526
In base 3, what is -11012 - -100112000112022?
100112000101010
In base 15, what is 4 + 348cb8?
348cbc
In base 6, what is 232 - -13242510?
13243142
In base 12, what is 1133 + a1?
1214
In base 7, what is 5 + -260125605?
-260125600
In base 14, what is -a65 + -380?
-1005
In base 13, what is -8353316 + 2?
-8353314
In base 13, what is 2 - 8942b8?
-8942b6
In base 9, what is 24 - -4286465?
4286500
In base 13, what is -45a8 - -71c?
-3b89
In base 3, what is 0 - -1222112221111012?
1222112221111012
In base 2, what is 1101001010111 + 111011001?
1110000110000
In base 14, what is 1b43a299 - -4?
1b43a29d
In base 11, what is 2560078 + 1?
2560079
In base 13, what is -75965cba + 3?
-75965cb7
In base 4, what is -322332323201 - 3?
-322332323210
In base 11, what is -79949a2 + -8?
-79949aa
In base 11, what is 118711 - 186?
118536
In base 3, what is 20010011001220011 + -10?
20010011001220001
In base 7, what is 126 - 2065416?
-2065260
In base 3, what is 110 + -110010001122?
-110010001012
In base 8, what is 5 - -25745515?
25745522
In base 11, what is -157 + -913328?
-913484
In base 12, what is -7b2 - 6384?
-6b76
In base 16, what is 4 + 216e3c9?
216e3cd
In base 13, what is 6c5b404 - -5?
6c5b409
In base 5, what is 42034 + 310141?
402230
In base 6, what is 45 - -2353042?
2353131
In base 12, what is -5 - -4560931?
4560928
In base 9, what is -701715 - 136?
-701852
In base 8, what is -332 - -270765?
270433
In base 10, what is 4733068 - -11?
4733079
In base 4, what is 0 - 12333013132112?
-12333013132112
In base 9, what is 2 - 123532?
-123530
In base 6, what is -102120 - -12?
-102104
In base 11, what is 25 - -38aa9?
39023
In base 13, what is -ac8 + 3113?
2318
In base 11, what is -5 - -18550a5a?
18550a55
In base 5, what is 223234 + 12031?
240320
In base 2, what is 101101100100 + -110101100000?
-111111100
In base 16, what is 528 + -20d1?
-1ba9
In base 13, what is 4 - 309481?
-30947a
In base 15, what is e058c + 2a?
e05b7
In base 6, what is 54 + 401233442?
401233540
In base 10, what is 104678 + -14?
104664
In base 2, what is 11100011001100100 + -101101100110?
11011101011111110
In base 16, what is 5 + 13f00c?
13f011
In base 11, what is 20456487 + -2?
20456485
In base 14, what is 153 + -85acd?
-8597a
In base 9, what is -4 + 8403637?
8403633
In base 12, what is 6 - -5278478?
5278482
In base 9, what is 1454733 - 2?
1454731
In base 3, what is 102122121000122 - -2000?
102122121002122
In base 2, what is 100001000001100 - 111110011110?
11001001101110
In base 5, what is 130404030 - 3323?
130400202
In base 16, what is -1 - 62dc988?
-62dc989
In base 7, what is 5065646 - -2?
5065651
In base 5, what is -314 - -43444402?
43444033
In base 6, what is -45 - 3035220330?
-3035220415
In base 6, what is 2 - 31511315?
-31511313
In base 10, what is -135 - 2370?
-2505
In base 13, what is 4 + -a2081b?
-a20817
In base 6, what is -110 - -314355140?
314355030
In base 10, what is -1416 - -2718?
1302
In base 5, what is 21 + 312401341?
312401412
In base 14, what is -47 + 8158?
8111
In base 16, what is -82 + 4c474?
4c3f2
In base 8, what is 11756403 - 6?
11756375
In base 4, what is -133010223123 - -3?
-133010223120
In base 4, what is 11012312322 - -1013?
11012320001
In base 10, what is 201501 + -46?
201455
In base 10, what is -92591 - -9002?
-83589
In base 2, what is 100101101100111001 - -101100?
100101101101100101
In base 11, what is 288 + -9022?
-8845
In base 12, what is -a550 - -28b?
-a281
In base 16, what is -5 + -9dda9f6?
-9dda9fb
In base 11, what is -51941415 - 3?
-51941418
In base 9, what is 52382 + 528?
53021
In base 14, what is 312 + 1b212?
1b524
In base 14, what is 532c38d + 4?
532c393
In base 16, what is -206987f + -5?
-2069884
In base 7, what is -10155034055 + -4?
-10155034062
In base 2, what is 111001010100101100 - -11111000?
111001011000100100
In base 10, what is 1 - 49682079?
-49682078
In base 14, what is 47d240a + -6?
47d2404
In base 8, what is 605245 + 123?
605370
In base 10, what is -7 + -1321603?
-1321610
In base 11, what is 2682 + -3540?
-969
In base 3, what is -1200000012 + -12121112?
-1212121201
In base 13, what is -136031 + 1029?
-135005
In base 9, what is 0 + -878811?
-878811
In base 13, what is 3 - -298c02?
298c05
In base 9, what is 85406 - -81?
85487
In base 5, what is 232 - 4241404110?
-4241403323
In base 7, what is -2616 + -2235?
-5154
In base 10, what is 2 + 1577491?
1577493
In base 7, what is -42041 - 6264?
-51335
In base 16, what is -5d + -6c72d?
-6c78a
In base 10, what is 1086365 - -23?
1086388
In base 7, what is 53214 - 2025?
51156
In base 9, what is -4011535 + -33?
-4011568
In base 10, what is 3988 - 14393?
-10405
In base 6, what is -3014435454 + 3?
-3014435451
In base 8, what is -306 + -2744441?
-2744747
In base 11, what is 2095 - -107?
21a1
In base 9, what is -342454 + -163?
-342627
In base 7, what is 0 + 1023016606?
1023016606
In base 12, what is 0 - -18a653b7?
18a653b7
In base 4, what is 1233200010 - 11221?
1233122123
In base 16, what is -2 - bc968c?
-bc968e
In base 5, what is -13 - -230031033?
230031020
In base 16, what is 11c4bc + -2d2?
11c1ea
In base 7, what is -232 - -145225140?
145224605
In base 2, what is 111100111011010111111110 + 111?
111100111011011000000101
In base 6, what is -2 + 13421453515?
13421453513
In base 7, what is -2130205034 + -4?
-2130205041
In base 12, what is 1003a6 + 7?
1003b1
In base 14, what is 1b + -1a4626?
-1a4609
In base 7, what is 30352641550 - -1?
30352641551
In base 5, what is 21201234 - 104?
21201130
In base 4, what is -122112 + 1203032?
1020320
In base 14, what is -1b853333 - 0?
-1b853333
In base 3, what is -21022012000012 - 10?
-21022012000022
In base 7, what is -115 - 66005544?
-66005662
In base 16, what is -4 - -8a0f7?
8a0f3
In base 11, what is 1471 + -432a1?
-41930
In base 14, what is c - -2d52a61?
2d52a6d
In base 6, what is -4030435 - -30?
-4030405
In base 10, what is 58143005 + 4?
58143009
In base 5, what is -1 + 14044134013?
14044134012
In base 14, what is adb79d + 3?
adb7a2
In base 3, what is -1012201211010 - -221120?
-1012200212120
In base 14, what is -103a + -67b?
-16b7
In base 